{"id":143,"date":"2018-10-16T12:44:39","date_gmt":"2018-10-16T10:44:39","guid":{"rendered":"http:\/\/wp.cws-it-service.de\/?page_id=143"},"modified":"2018-10-16T12:44:39","modified_gmt":"2018-10-16T10:44:39","slug":"impressum","status":"publish","type":"page","link":"https:\/\/www.s4you-service.de\/?page_id=143","title":{"rendered":"Impressum"},"content":{"rendered":"<p><span style=\"color: #666666;\"><span style=\"font-family: verdana,geneva,sans-serif;\"><b><span style=\"color: #cc0000; font-size: medium;\"><em>S4YOU.<\/em><\/span> Service GmbH<\/b><\/span><br \/>\n<\/span>Rondenbarg 25 \/ Tor 2<br \/>\nD-22525 Hamburg<br \/>\nTelefon +49 (0)40 \/ 41 36 089 &#8211; 0<\/p>\n<p>Internet: www.S4You-service.de<br \/>\ne-Mail: <a>info[at]s4you-service.de<\/a><\/p>\n<p><strong>Vertretungsberechtigte Gesch\u00e4ftsf\u00fchrer:<br \/>\n<\/strong>Denis Grafen<\/p>\n<p><strong>Registernummer:\u00a0\u00a0\u00a0\u00a0\u00a0\u00a0\u00a0\u00a0\u00a0\u00a0\u00a0\u00a0\u00a0\u00a0\u00a0\u00a0\u00a0\u00a0\u00a0\u00a0\u00a0\u00a0\u00a0\u00a0\u00a0\u00a0\u00a0\u00a0\u00a0\u00a0\u00a0\u00a0\u00a0\u00a0\u00a0\u00a0\u00a0\u00a0\u00a0\u00a0\u00a0\u00a0\u00a0\u00a0\u00a0\u00a0\u00a0\u00a0\u00a0\u00a0\u00a0\u00a0\u00a0\u00a0\u00a0\u00a0\u00a0\u00a0\u00a0\u00a0\u00a0\u00a0\u00a0\u00a0\u00a0\u00a0\u00a0\u00a0\u00a0\u00a0\u00a0\u00a0\u00a0\u00a0\u00a0\u00a0\u00a0\u00a0\u00a0\u00a0\u00a0\u00a0\u00a0\u00a0\u00a0\u00a0\u00a0\u00a0\u00a0\u00a0\u00a0\u00a0\u00a0\u00a0\u00a0\u00a0\u00a0\u00a0\u00a0\u00a0 <\/strong>Handelsregister Hamburg, HRB 77589<\/p>\n<p><strong>Umsatzsteuer-Identifikationsnummer<\/strong> <strong>gem\u00e4\u00df \u00a727 a:<br \/>\n<\/strong>DE221194450<\/p>\n<p><strong>Inhaltlich Verantwortlicher gem\u00e4\u00df \u00a7 55 Abs. 2 RStV:<br \/>\n<\/strong>Denis Grafen<\/p>\n<p><strong>Haftungshinweis:<br \/>\n<\/strong>Trotz sorgf\u00e4ltiger inhaltlicher Kontrolle \u00fcbernehmen wir keine Haftung f\u00fcr die Inhalte externer Links. F\u00fcr den Inhalt der verlinkten Seiten sind ausschlie\u00dflich deren Betreiber verantwortlich.<\/p>\n<p><strong>Copyrightinformation:<br \/>\n<\/strong> Alle Produkte und Kennzeichnungen, die in diesen Unterlagen erw\u00e4hnt werden, sind in den meisten F\u00e4llen auch eingetragene Warenzeichen ihrer jeweiligen Inhaber und sind folglich Themen zum Gesetz.<br \/>\nTechnische Details sind abh\u00e4ngig von \u00c4nderung \u2013 auch ohne Ansage.<\/p>\n","protected":false},"excerpt":{"rendered":"<p>S4YOU. Service GmbH Rondenbarg 25 \/ Tor 2 D-22525 Hamburg Telefon +49 (0)40 \/ 41 36 089 &#8211; 0 Internet: www.S4You-service.de e-Mail: info[at]s4you-service.de Vertretungsberechtigte Gesch\u00e4ftsf\u00fchrer: Denis Grafen Registernummer:\u00a0\u00a0\u00a0\u00a0\u00a0\u00a0\u00a0\u00a0\u00a0\u00a0\u00a0\u00a0\u00a0\u00a0\u00a0\u00a0\u00a0\u00a0\u00a0\u00a0\u00a0\u00a0\u00a0\u00a0\u00a0\u00a0\u00a0\u00a0\u00a0\u00a0\u00a0\u00a0\u00a0\u00a0\u00a0\u00a0\u00a0\u00a0\u00a0\u00a0\u00a0\u00a0\u00a0\u00a0\u00a0\u00a0\u00a0\u00a0\u00a0\u00a0\u00a0\u00a0\u00a0\u00a0\u00a0\u00a0\u00a0\u00a0\u00a0\u00a0\u00a0\u00a0\u00a0\u00a0\u00a0\u00a0\u00a0\u00a0\u00a0\u00a0\u00a0\u00a0\u00a0\u00a0\u00a0\u00a0\u00a0\u00a0\u00a0\u00a0\u00a0\u00a0\u00a0\u00a0\u00a0\u00a0\u00a0\u00a0\u00a0\u00a0\u00a0\u00a0\u00a0\u00a0\u00a0\u00a0\u00a0\u00a0\u00a0\u00a0 Handelsregister Hamburg, HRB 77589 Umsatzsteuer-Identifikationsnummer gem\u00e4\u00df \u00a727 a: DE221194450 Inhaltlich Verantwortlicher gem\u00e4\u00df \u00a7 55 Abs. 2 RStV: Denis Grafen Haftungshinweis: Trotz sorgf\u00e4ltiger inhaltlicher Kontrolle \u00fcbernehmen wir keine &hellip; <\/p>\n<p class=\"link-more\"><a href=\"https:\/\/www.s4you-service.de\/?page_id=143\" class=\"more-link\"><span class=\"screen-reader-text\">\u201eImpressum\u201c<\/span> weiterlesen<\/a><\/p>\n","protected":false},"author":2,"featured_media":410,"parent":0,"menu_order":0,"comment_status":"closed","ping_status":"closed","template":"","meta":{"_crdt_document":"","footnotes":""},"class_list":["post-143","page","type-page","status-publish","has-post-thumbnail","hentry"],"_links":{"self":[{"href":"https:\/\/www.s4you-service.de\/index.php?rest_route=\/wp\/v2\/pages\/143","targetHints":{"allow":["GET"]}}],"collection":[{"href":"https:\/\/www.s4you-service.de\/index.php?rest_route=\/wp\/v2\/pages"}],"about":[{"href":"https:\/\/www.s4you-service.de\/index.php?rest_route=\/wp\/v2\/types\/page"}],"author":[{"embeddable":true,"href":"https:\/\/www.s4you-service.de\/index.php?rest_route=\/wp\/v2\/users\/2"}],"replies":[{"embeddable":true,"href":"https:\/\/www.s4you-service.de\/index.php?rest_route=%2Fwp%2Fv2%2Fcomments&post=143"}],"version-history":[{"count":0,"href":"https:\/\/www.s4you-service.de\/index.php?rest_route=\/wp\/v2\/pages\/143\/revisions"}],"wp:featuredmedia":[{"embeddable":true,"href":"https:\/\/www.s4you-service.de\/index.php?rest_route=\/"}],"wp:attachment":[{"href":"https:\/\/www.s4you-service.de\/index.php?rest_route=%2Fwp%2Fv2%2Fmedia&parent=143"}],"curies":[{"name":"wp","href":"https:\/\/api.w.org\/{rel}","templated":true}]}}